t l(m) = -1. Let t(v) = 10*l(v) + 6*n(v). Let y(i) = 6*j(i) + 13*t(i). Determine y(2).
14
Let z = 96 - 90. Let d(n) = 6*n + n**2 - 11*n - 6 + z*n. Suppose 0 = -g - 2*g. What is d(g)?
-6
Let s(r) = 23. Let o(h) = -h + 40. Let w(n) = 3*o(n) - 5*s(n). Give w(13).
-34
Let v(b) = 3*b + 4*b - 2*b**3 - 7*b + b**2 - 22 + b**3. Determine v(0).
-22
Let a(l) = -2*l**2 - 5*l + 1. Suppose -4*h + 232 = -0*h. Suppose h - 10 = 4*g. Suppose -n + g = -4*n. Determine a(n).
-11
Let a(m) = 7*m**3 - 24*m**2 + 2*m + 11. Let t(x) = -4*x**3 + 13*x**2 - x - 6. Let r(c) = 6*a(c) + 11*t(c). What is r(1)?
-2
Let g be (6/(-18))/(2/42). Let o = -24 - g. Let f = o - -14. Let w(b) = b**2 + 4*b + 4. Calculate w(f).
1
Let p(g) = 2*g + 4 - 5*g + 0. Let x be (-3)/(9 + 0)*-375. Let a = 122 - x. Determine p(a).
13
Let j be -158*(-1)/22 - (-148)/(-814). Suppose -2 + 8 = 2*d. Suppose -d*c + j = -11. Let i(f) = -2*f + 2. Calculate i(c).
-10
Let x(z) = -2*z - 9. Suppose -3*j - 152 = -7*j. Suppose w - 11 = 2*m + 19, -j = 2*m + 3*w. Let l = m - -10. Calculate x(l).
3
Suppose 3*f + 4*c = 9, -8*f = -3*f + c - 15. Let s(t) = 0*t + 9*t**2 - 2*t**3 - 5*t**3 + 6*t**3 - 3 - 7*t**2 + 5*t. Give s(f).
3
Let q(n) = 4*n - 2. Let u = -29 - -38. Let k = -12 + u. What is q(k)?
-14
Suppose -5*j + a + 254 = 0, 3*j + 0*j - 2*a = 158. Let c be (60/j)/(2/25). Suppose 0 = -3*x - c, -l + 3*l - 4*x = 24. Let h(p) = p**2 - p + 1. Determine h(l).
3
Let f(z) = -8*z + 29*z**2 - 52*z**2 + 24*z**2. Let r(x) = -x. Let d be 0 + (1 - 2) + 2. Let n(t) = d*f(t) - 6*r(t). What is n(2)?
0
Let o(b) be the third derivative of -b**4/12 - 7*b**3/6 - 116*b**2. Calculate o(-3).
-1
Let w(k) = 22*k + 11. Let j(i) = 3*i + 3. Let l(g) = -7*j(g) + w(g). Determine l(-5).
-15
Let d(o) = 5*o + 155. Let r be d(-29). Let j(t) = -3*t + 6. Calculate j(r).
-24
Let m = -21 + 15. Suppose 2*o = v + 7, -5*o = v - 2*o - 18. Let j(p) = -19*p**2 + p**3 + 25*p**2 + 1 - v*p + 2*p. Calculate j(m).
7
Let s(y) = -4 - y**2 - 3*y + 14*y - 17*y. Calculate s(-5).
1
Let t be -6*(1/(-11) - (-299)/506). Let b(d) = 3*d - 3. Determine b(t).
-12
Suppose -4*c + 11 = -5, 4*c - 7 = 3*j. Let a(i) be the second derivative of 10*i - i**2 + 0 + 1/12*i**4 - 1/6*i**3. What is a(j)?
4
Let q(o) = 4*o + 6. Suppose 334 = 10*r + 64. Suppose 0 = 2*i - i + 4*u + r, 5*i = u - 30. Give q(i).
-22
Let c(j) = 10. Let v(w) = -w + 55. Let m(x) = -34*c(x) + 6*v(x). Determine m(-7).
32
Suppose w = 3*w - 6. Let n(z) be the third derivative of -1/120*z**6 - 6*z**2 + 0*z + 0 - 1/8*z**4 + 2/3*z**3 + 1/15*z**5. Give n(w).
4
Suppose 8*y - 48 = 2*y. Let o be y/1 - (4 + -1). Suppose -34 = -o*q - 4. Let p(s) = 2*s. Calculate p(q).
12
Let q(j) = j**3 - 5*j**2 + 4*j - 2. Let x(y) = -3 + 2*y + y**3 - 2*y**3 + 4*y**2 + 11*y. Suppose -17*f + 14*f = -18. Let g be x(f). Give q(g).
-8
Let s(r) = -2*r**3 - 2*r. Let d(a) = -11*a**3 + 8*a**2 - 9*a - 11. Let i(w) = d(w) - 5*s(w). Determine i(8).
-3
Let u(y) be the second derivative of -7*y**4/4 + y**3/3 + y**2/2 + y. Give u(-1).
-22
Let l(u) = 7*u**2 - 23*u - 13. Let x(b) = 6*b**2 - 21*b - 11. Let t(f) = -5*l(f) + 6*x(f). Determine t(9).
-19
Let c(x) be the first derivative of x**3 + 2*x**2 - 4*x + 170. Give c(-2).
0
Let h be (-17)/(85/(-390)) + 3*1. Let u(q) = -87*q - h*q - 3 + 167*q. Give u(5).
-8
Suppose 5*d = 6*d - 12. Let v = d + -13. Let q(m) = -4*m**3 - 2*m**2 - m. Give q(v).
3
Let u be 10/35 - 19/(-7). Suppose -3*d = q + 18, 4*q - u*q + 24 = -4*d. Let c(r) = r**3 + 6*r**2 - 3. Calculate c(d).
-3
Let r(j) be the first derivative of -120*j + j**2 + 9 + 123*j + 9. Give r(-6).
-9
Let s(i) = -44*i - 756. Let q be s(-17). Let m(w) = -w**3 - 11*w**2 - 25*w - 15. Give m(q).
-7
Let g(i) = 4*i**2 - 3*i - 2. Let t(o) = 4*o - o - o**2 + 6*o - 10*o. Let z be t(-2). Calculate g(z).
20
Let c be (231/28 - 7)*4. Let g(x) = -4*x - 10. Determine g(c).
-30
Let z(k) = -4*k - 8. Let d(x) = -x**3 + 25*x**2 + 30*x - 98. Let r be d(26). Give z(r).
-32
Let x = 335 - 336. Let g(r) = 57*r**2 + r + 1. What is g(x)?
57
Let y(a) = -a**2 - 2. Let n be y(0). Let w be ((-20)/(-5))/(n - -3). Let p be (w - 3) + -4 + 5. Let o(b) = -3*b**2 + 2*b - 3. What is o(p)?
-11
Let p(c) = -4*c + 4. Suppose 5*w - 5 = 0, 4*m - 4*w = -6*w + 22. Give p(m).
-16
Let z(k) = k**3 + 2. Let w(g) = 4*g**3 + 4*g**2 + 2*g + 9. Let x(u) = w(u) - 5*z(u). What is x(4)?
7
Let s(w) = w - 1 + w + w**3 - w. Let d = -4 - -7. Suppose j - 5*m - 13 = -d, -4*m = 2*j + 8. Determine s(j).
-1
Let i be (6 - 0)*4/6. Let k(g) = 0*g - i*g - 4*g. Suppose m - 6*m - 13 = 3*y, 4*m + 3 = 5*y. What is k(y)?
8
Let t(m) = m**3 - 4*m**2 - 2*m + 6. Let y be t(4). Let g(o) be the second derivative of -o**3/6 + o**2 + 11*o + 2. What is g(y)?
4
Let k(g) = 4*g - 2. Let h be k(-3). Let a = -13 - h. Suppose 3*p + 2*y = 7 + a, -y - 10 = -2*p. Let n(f) = 2*f - 3. Give n(p).
5
Let r(s) = -s**2 + 2*s + 3. Let j(t) = t + 11. Let o be j(-8). Suppose -8 = 3*q - m, o*q + 6 = 4*q + 4*m. Determine r(q).
-5
Let w(y) = 7*y - 12. Let h be (-950)/(-285)*(-3)/(-2). What is w(h)?
23
Let t(v) = -3*v - 3 + 14*v - 13*v. Determine t(-4).
5
Let z be (-49)/(-21) + (-56)/(-21). Let b(t) be the first derivative of -1/2*t**2 + z*t - 1/3*t**3 - 6. Calculate b(-4).
-7
Let k(b) = 2*b**3 - 2*b**2 - b. Let g be -2 + 3 + -5 + 0 + 3. Determine k(g).
-3
Let o = -7 + 5. Suppose 7*s - 2*s - k - 58 = 0, -5*k - 37 = -2*s. Let h(u) = -2*u + s*u**2 - 9*u**2 + 3*u**3 - 2*u**3 - 2. Give h(o).
2
Let l be (-1 + (-4)/(-2))*0/14. Let y(x) be the third derivative of -1/12*x**4 + l - 1/3*x**3 + 0*x + 4*x**2. Determine y(-3).
4
Let t(q) = 2 + 3*q**3 - 2*q**3 - 7*q**2 - 2*q + 4*q**2 + q**3. Determine t(-2).
-22
Let w be 16/(-4*(4/(-40))/1). Let p = 46 - w. Let z(h) = -h**2 + 6*h - 2. Calculate z(p).
-2
Let h(n) be the second derivative of n**7/252 - n**5/120 + 9*n**4/4 + n**3/6 + 3*n. Let i(t) be the third derivative of h(t). Give i(1).
9
Let v be ((-16)/24)/((-4)/30). Let n(s) = 0 - 2 + 45*s**3 - 4*s**2 - 44*s**3 + s**2 + v*s. What is n(3)?
13
Suppose s - 6 = -2*s. Let p = 23 + -21. Let i(t) = -2*t**p + 2 + 2*t**s + 2*t - t**2. Give i(2).
2
Let z(b) be the third derivative of b**6/120 + b**5/10 + b**4/4 + b**3 + 3*b**2 - 15. Determine z(-4).
14
Let y(z) = z**2 - 8*z + 16. Let o be y(10). Suppose 5*u = 4*q - o, 3*u - 3 = -3*q - 30. Let i(k) = k**2 + 8*k - 4. Calculate i(u).
-4
Let p(i) = -i**3 - 3*i**2 + 2*i - 4. Suppose -23*h = 55 + 37. Give p(h).
4
Let g(t) = -t**3 + 5*t**2 + 4*t - 5. Let l = 87 + -912. Let c be 92/15 - 11/(l/(-10)). Determine g(c).
-17
Suppose 5*z = 239 - 209. Let g(c) = c**3 - 7*c**2 + 4*c - 4. What is g(z)?
-16
Let g(o) = 4*o + 3. Let r be (4 + 102/(-12))/((-4)/(-8)). What is g(r)?
-33
Let z = -801 - -795. Let c(a) = -2*a + 6. Give c(z).
18
Let b = 33 + -30. Let u(q) be the third derivative of q**4/12 + q**3/6 - 46*q**2 + 2. Give u(b).
7
Let u be 42*12/72 - 1/1. Let x(d) = -d**3 + 8*d**2 - 8*d - 1. Give x(u).
23
Suppose -214 = -2*c - 202. Let p(y) = y**3 - 6*y**2 + 2*y - 9. Give p(c).
3
Let s(g) = -g**3 - g**2 + 3*g - 2. Let k(v) be the second derivative of v**4/12 - v**3/6 + v**2/2 - 39*v. Let h(c) = 3*k(c) + s(c). Give h(2).
1
Suppose h = -1 + 55. Let o(r) = 21 - 3 + 111*r - 56*r - h*r. Give o(0).
18
Let r(y) be the third derivative of y**4/8 + y**3/6 - 18*y**2. Suppose 0 = 2*t + 3*t - 20. Determine r(t).
13
Let g be 1/7 + (-62)/(-7). Let s(c) = c - 1. Let y(h) = 5*h - 9. Let w(j) = 4*s(j) - y(j). What is w(g)?
-4
Suppose 5*u = -3*n - 3, -3*u + 5*n + 3 = -2. Let h(r) be the third derivative of -1/12*r**4 + 0 + u*r - 3*r**2 + 1/10*r**5 - 1/120*r**6 + r**3. What is h(6)?
-6
Let s = -43 + 46. Let q(f) = f**3 - 3*f + 2. Determine q(s).
20
Let w(n) = n - 8. Let p be (-3)/(-4) - (-530)/40. Let s be p/(-6)*(-9 - -6). Let f be w(s). Let o(r) = -4*r**2. Calculate o(f).
-4
Let a(j) = -5*j**2 - 13*j + 13*j - 4 + j**3 + 6*j + 0*j**3. Let k = 15 + -11. Give a(k).
4
Let r(l) = -l**3 - 2*l**2 - 3*l - 4. Let h(o) = -4*o**2 - 5*o - 12. Let q(a) = 3*a**2 + 5*a + 11. Let b(v) = -2*h(v) - 3*q(v). Let j be b(-3). Determine r(j).
14
Suppose 19 = -13*u + 32. Let h(z) = -z**3. What is h(u)?
-1
Let k(f) = -4*f + 6*f + 5*f + 0*f + 4*f - f**2 - 17. Determine k(10).
-7
Let n(b) be the first derivative of -3*b**2/2 + 5*b - 30. Give n(7).
-16
Let o(j) = 2*j**3 - 7*j**2 + 21*j - 63. Let s be o(